--
-- Host: localhost    Database: event_app
-- ------------------------------------------------------


--
-- Table structure for table `awards`
--

CREATE TABLE `awards` (
  `id` int(11) NOT NULL AUTO_INCREMENT,
  `created_at` datetime(6) DEFAULT current_timestamp(6),
  `updated_at` datetime(6) DEFAULT current_timestamp(6) ON UPDATE current_timestamp(6),
  `deleted_at` datetime(6) DEFAULT NULL,
  `title` varchar(255) DEFAULT NULL,
  `can_nominate` tinyint(4) NOT NULL DEFAULT 0,
  PRIMARY KEY (`id`)
) ENGINE=InnoDB AUTO_INCREMENT=24 DEFAULT CHARSET=utf8mb4 COLLATE=utf8mb4_general_ci;

--
-- Dumping data for table `awards`
--

INSERT INTO `awards` VALUES (1,'2023-12-06 20:05:43.778391','2023-12-06 20:05:43.778391',NULL,'The CIO\'s Award for Best Performing Team',0),(2,'2023-12-06 20:05:44.128018','2023-12-06 20:05:44.128018',NULL,'The CIO\'s Award for Best Performing Individual',0),(3,'2023-12-06 20:05:44.395985','2023-12-06 20:05:44.395985',NULL,'The Extra Mile-r Award (This Individual goes the extra mile to get the job done)',0),(4,'2023-12-06 20:05:44.738054','2023-12-06 20:05:44.738054',NULL,'Most Improved Team (This team has shown tremendous improvement in the past 1 year)',0),(5,'2023-12-06 20:05:45.278017','2023-12-06 20:05:45.278017',NULL,'Most Improved Individual (This Individual has proven him/herself over the past 1 year and shown significant improvement in his/her work)',0),(6,'2023-12-06 20:05:45.557921','2023-12-06 20:05:45.557921',NULL,'Best Performing Partner (Architecture & Engineering)',0),(7,'2023-12-06 20:05:45.857928','2023-12-06 20:05:45.857928',NULL,'Best Performing Partner (Infrasture & Cloud)',0),(8,'2023-12-06 20:05:46.138014','2023-12-06 20:05:46.138014',NULL,'Best Performing Partner (Service Management & Governance)',0),(9,'2023-12-06 20:05:46.448188','2023-12-06 20:05:46.448188',NULL,'Best Performing Partner (Operations)',0),(10,'2023-12-06 20:06:04.678164','2023-12-06 20:06:04.678164',NULL,'Best Performing Partner (Security)',0),(11,'2023-12-06 20:11:10.630036','2023-12-06 20:11:10.630036',NULL,'Coffee Connoisseur award (this person runs on caffeine and vibes. you will ALWAYS find this person at the coffee machine or running laps to refill his cup)',1),(12,'2023-12-06 20:11:10.974160','2023-12-06 20:11:10.974160',NULL,'Snack stash champion (there\'s never a time that this person does not have snacks to offer)',1),(13,'2023-12-06 20:11:11.245158','2023-12-06 20:11:11.245158',NULL,'Best dressed (any day of the week, this person is in a constant state of slay)',1),(14,'2023-12-06 20:11:11.541959','2023-12-06 20:11:11.541959',NULL,'Zen Master award (if cool, calm and collected was a person... no matter the chaos, they are always unfazed and calm)',1),(15,'2023-12-06 20:12:50.838626','2023-12-08 06:26:54.634025',NULL,'Master of Mischief (there\'s never a dull moment with this person; whether it\'s cracking jokes or throwing bangs...but it\'s all vibes though)',1),(16,'2023-12-07 01:33:42.573199','2023-12-07 09:11:01.334516','2023-12-07 01:33:42.573199','Extra Mile-r awards',0),(17,'2023-12-07 01:33:59.751393','2023-12-07 09:11:01.746565','2023-12-07 01:33:42.573199','Most Improved Team ',0),(18,'2023-12-07 01:34:24.746183','2023-12-07 09:11:02.154468','2023-12-07 01:33:42.573199','Most Improved Individual',0),(19,'2023-12-07 01:34:43.641026','2023-12-07 09:11:02.564578','2023-12-07 01:33:42.573199','Best Performing Partner (Architecture & Engineering/PMO)',0),(20,'2023-12-07 01:35:04.413111','2023-12-07 09:11:02.974537','2023-12-07 01:33:42.573199','Best Performing Partner (Infrastructure & Cloud)',0),(21,'2023-12-07 01:35:28.203037','2023-12-07 09:11:03.405347','2023-12-07 01:33:42.573199','Best Performing Partner (Service Management & Governance)',0),(22,'2023-12-07 01:35:49.591180','2023-12-07 09:11:03.794569','2023-12-07 01:33:42.573199','Best Performing Partner (Operations)',0),(23,'2023-12-07 01:36:10.471539','2023-12-07 09:11:23.336495','2023-12-07 01:33:42.573199','Best Performing Partner (Security)',0);

--
-- Table structure for table `events`
--

CREATE TABLE `events` (
  `id` int(11) NOT NULL AUTO_INCREMENT,
  `created_at` datetime(6) DEFAULT current_timestamp(6),
  `updated_at` datetime(6) DEFAULT current_timestamp(6) ON UPDATE current_timestamp(6),
  `deleted_at` datetime(6) DEFAULT NULL,
  `name` varchar(255) DEFAULT NULL,
  `description` varchar(255) DEFAULT NULL,
  `image` varchar(255) DEFAULT NULL,
  PRIMARY KEY (`id`)
) ENGINE=InnoDB AUTO_INCREMENT=5 DEFAULT CHARSET=utf8mb4 COLLATE=utf8mb4_general_ci;

--
-- Dumping data for table `events`
--

INSERT INTO `events` VALUES (1,'2023-12-06 11:34:21.228774','2023-12-06 11:34:21.228774',NULL,'Yello VR Treasure Hunt',NULL,NULL),(2,'2023-12-06 11:34:21.629995','2023-12-06 11:34:21.629995',NULL,'PS5 Football Competition',NULL,NULL),(3,'2023-12-06 11:34:22.053043','2023-12-06 11:34:22.053043',NULL,'Team bonding games',NULL,NULL),(4,'2023-12-06 11:34:22.450609','2023-12-06 11:34:22.450609',NULL,'Yello Arcade',NULL,NULL);

--
-- Table structure for table `matches`
--

CREATE TABLE `matches` (
  `id` int(11) NOT NULL AUTO_INCREMENT,
  `created_at` datetime(6) DEFAULT current_timestamp(6),
  `updated_at` datetime(6) DEFAULT current_timestamp(6) ON UPDATE current_timestamp(6),
  `deleted_at` datetime(6) DEFAULT NULL,
  `teamOne` varchar(255) NOT NULL,
  `teamOneScore` int(11) DEFAULT 0,
  `teamTwo` varchar(255) NOT NULL,
  `teamTwoScore` int(11) DEFAULT 0,
  `date` datetime DEFAULT NULL,
  PRIMARY KEY (`id`)
) ENGINE=InnoDB AUTO_INCREMENT=2 DEFAULT CHARSET=utf8mb4 COLLATE=utf8mb4_general_ci;

--
-- Dumping data for table `matches`
--

INSERT INTO `matches` VALUES (1,'2023-12-08 17:11:38.591402','2023-12-08 17:15:36.067226','2023-12-08 00:00:00.000000','Zyro Kamson',0,'Cynthia igwe Scrabble',0,'2023-12-08 00:00:00');

--
-- Table structure for table `options`
--

CREATE TABLE `options` (
  `id` int(11) NOT NULL AUTO_INCREMENT,
  `created_at` datetime(6) DEFAULT current_timestamp(6),
  `updated_at` datetime(6) DEFAULT current_timestamp(6) ON UPDATE current_timestamp(6),
  `deleted_at` datetime(6) DEFAULT NULL,
  `title` varchar(255) DEFAULT NULL,
  `questionId` int(11) DEFAULT NULL,
  PRIMARY KEY (`id`),
  KEY `FK_46b668c49a6c4154d4643d875a5` (`questionId`),
  CONSTRAINT `FK_46b668c49a6c4154d4643d875a5` FOREIGN KEY (`questionId`) REFERENCES `questions` (`id`) ON DELETE NO ACTION ON UPDATE NO ACTION
) ENGINE=InnoDB AUTO_INCREMENT=85 DEFAULT CHARSET=utf8mb4 COLLATE=utf8mb4_general_ci;

--
-- Dumping data for table `options`
--

INSERT INTO `options` VALUES (1,'2023-12-06 12:04:30.233302','2023-12-07 09:23:54.181902',NULL,'Bill Gates',1),(2,'2023-12-06 12:04:30.238516','2023-12-07 09:23:54.478924',NULL,'Tim Berners-Lee',1),(3,'2023-12-06 12:04:30.243298','2023-12-07 09:23:55.122078',NULL,'Mark Zuckerberg',1),(4,'2023-12-07 09:23:55.454129','2023-12-07 09:23:55.454129',NULL,'Steve Jobs',1),(5,'2023-12-08 06:39:57.809959','2023-12-08 06:39:57.809959',NULL,'August 2020',2),(6,'2023-12-08 06:39:57.813470','2023-12-08 06:39:57.813470',NULL,'June 2020',2),(7,'2023-12-08 06:39:57.820833','2023-12-08 06:39:57.820833',NULL,'May 2020',2),(8,'2023-12-08 06:39:57.824279','2023-12-08 06:39:57.824279',NULL,'October 2020',2),(9,'2023-12-08 06:41:39.605260','2023-12-08 06:41:39.605260',NULL,'Applicable Processing Interface',3),(10,'2023-12-08 06:41:39.608955','2023-12-08 06:41:39.608955',NULL,'Application Processing Interface',3),(11,'2023-12-08 06:41:39.615696','2023-12-08 06:41:39.615696',NULL,'Application Programed Interface',3),(12,'2023-12-08 06:41:39.622182','2023-12-08 06:41:39.622182',NULL,'Application Programming Interface',3),(13,'2023-12-08 06:44:02.092420','2023-12-08 06:44:02.092420',NULL,'5th generation of mobile communications',4),(14,'2023-12-08 06:44:02.096152','2023-12-08 06:44:02.096152',NULL,'5th generation of Telecommunications',4),(15,'2023-12-08 06:44:02.105404','2023-12-08 06:44:02.105404',NULL,'5th generated mobile communications',4),(16,'2023-12-08 06:44:02.109668','2023-12-08 06:44:02.109668',NULL,'5th generation of Telecommunications',4),(17,'2023-12-08 06:49:25.329831','2023-12-08 06:49:25.329831',NULL,'People Identification Number',5),(18,'2023-12-08 06:49:25.336840','2023-12-08 06:49:25.336840',NULL,'Private Identification Number',5),(19,'2023-12-08 06:49:25.341391','2023-12-08 06:49:25.341391',NULL,'Personal Identification Number',5),(20,'2023-12-08 06:49:25.344726','2023-12-08 06:49:25.344726',NULL,'Private Identity Number',5),(21,'2023-12-08 06:52:37.215897','2023-12-08 06:52:37.215897',NULL,'Ridiculous',6),(22,'2023-12-08 06:52:37.228519','2023-12-08 06:52:37.228519',NULL,'Animate',6),(23,'2023-12-08 06:52:37.232158','2023-12-08 06:52:37.232158',NULL,'Verifiable',6),(24,'2023-12-08 06:52:37.236028','2023-12-08 06:52:37.236028',NULL,'Logical',6),(25,'2023-12-08 06:57:25.575459','2023-12-08 06:57:25.575459',NULL,'Connecting the unconnected',7),(26,'2023-12-08 06:57:25.581150','2023-12-08 06:57:25.581150',NULL,'Financial Inclusion',7),(27,'2023-12-08 06:57:25.587574','2023-12-08 06:57:25.587574',NULL,'Whistleblowing',7),(28,'2023-12-08 06:57:25.592097','2023-12-08 06:57:25.592097',NULL,'Digital Inclusion',7),(29,'2023-12-08 06:59:12.196048','2023-12-08 06:59:12.196048',NULL,'Eco-Responsibility',8),(30,'2023-12-08 06:59:12.201602','2023-12-08 06:59:12.201602',NULL,'Sustainable societies',8),(31,'2023-12-08 06:59:12.205214','2023-12-08 06:59:12.205214',NULL,'Investors',8),(32,'2023-12-08 06:59:12.209316','2023-12-08 06:59:12.209316',NULL,'Sustainable economic values',8),(33,'2023-12-08 07:00:26.019856','2023-12-08 07:00:26.019856',NULL,'19',9),(34,'2023-12-08 07:00:26.023362','2023-12-08 07:00:26.023362',NULL,'20',9),(35,'2023-12-08 07:00:26.028996','2023-12-08 07:00:26.028996',NULL,'21',9),(36,'2023-12-08 07:00:26.032323','2023-12-08 07:00:26.032323',NULL,'22',9),(37,'2023-12-08 07:01:53.441738','2023-12-08 07:01:53.441738',NULL,'1930',10),(38,'2023-12-08 07:01:53.448874','2023-12-08 07:01:53.448874',NULL,'1940',10),(39,'2023-12-08 07:01:53.452220','2023-12-08 07:01:53.452220',NULL,'1950',10),(40,'2023-12-08 07:01:53.461548','2023-12-08 07:01:53.461548',NULL,'1960',10),(41,'2023-12-08 07:03:43.650141','2023-12-08 07:03:43.650141',NULL,'Christiano Ronaldo',11),(42,'2023-12-08 07:03:43.654231','2023-12-08 07:03:43.654231',NULL,'Oleg Salenko',11),(43,'2023-12-08 07:03:43.657795','2023-12-08 07:03:43.657795',NULL,'Lionel Messi',11),(44,'2023-12-08 07:03:43.661293','2023-12-08 07:03:43.661293',NULL,'Thomas Mueller',11),(45,'2023-12-08 07:05:07.786560','2023-12-08 07:05:07.786560',NULL,'Golf',12),(46,'2023-12-08 07:05:07.791449','2023-12-08 07:05:07.791449',NULL,'Baseball',12),(47,'2023-12-08 07:05:07.795114','2023-12-08 07:05:07.795114',NULL,'Soccer',12),(48,'2023-12-08 07:05:07.798494','2023-12-08 07:05:07.798494',NULL,'Basketball',12),(49,'2023-12-08 07:08:43.161317','2023-12-08 07:08:43.161317',NULL,'Steven curry',13),(50,'2023-12-08 07:08:43.165291','2023-12-08 07:08:43.165291',NULL,'Micheal B Jordan',13),(51,'2023-12-08 07:08:43.169652','2023-12-08 07:08:43.169652',NULL,'Larry Bird',13),(52,'2023-12-08 07:08:43.173106','2023-12-08 07:08:43.173106',NULL,'Lionel Messi',13),(53,'2023-12-08 07:09:51.255382','2023-12-08 07:09:51.255382',NULL,'Narotu Shippuden: Ultimate Ninja Storm',14),(54,'2023-12-08 07:09:51.258992','2023-12-08 07:09:51.258992',NULL,'Call of Duty',14),(55,'2023-12-08 07:09:51.264230','2023-12-08 07:09:51.264230',NULL,'Uncharted',14),(56,'2023-12-08 07:09:51.270088','2023-12-08 07:09:51.270088',NULL,'Twister',14),(57,'2023-12-08 07:11:29.614797','2023-12-08 07:11:29.614797',NULL,'A Goal',15),(58,'2023-12-08 07:11:29.619713','2023-12-08 07:11:29.619713',NULL,'A Score Point',15),(59,'2023-12-08 07:11:29.627892','2023-12-08 07:11:29.627892',NULL,'A Turkey',15),(60,'2023-12-08 07:11:29.633969','2023-12-08 07:11:29.633969',NULL,'A Strike out',15),(61,'2023-12-08 07:13:51.886554','2023-12-08 07:13:51.886554',NULL,'A new year',16),(62,'2023-12-08 07:13:51.890556','2023-12-08 07:13:51.890556',NULL,'And a new year',16),(63,'2023-12-08 07:13:51.895188','2023-12-08 07:13:51.895188',NULL,'A happy new year',16),(64,'2023-12-08 07:13:51.898776','2023-12-08 07:13:51.898776',NULL,'And a happy new year',16),(65,'2023-12-08 07:15:49.565501','2023-12-08 07:15:49.565501',NULL,'Oh Holy Night',17),(66,'2023-12-08 07:15:49.571761','2023-12-08 07:15:49.571761',NULL,'Silent Night',17),(67,'2023-12-08 07:15:49.577366','2023-12-08 07:15:49.577366',NULL,'Bright Star',17),(68,'2023-12-08 07:15:49.587417','2023-12-08 07:15:49.587417',NULL,'Oh Silent Night',17),(69,'2023-12-08 07:17:38.718695','2023-12-08 07:17:38.718695',NULL,'A star',18),(70,'2023-12-08 07:17:38.723383','2023-12-08 07:17:38.723383',NULL,'A light',18),(71,'2023-12-08 07:17:38.729442','2023-12-08 07:17:38.729442',NULL,'Baby Jesus',18),(72,'2023-12-08 07:17:38.734912','2023-12-08 07:17:38.734912',NULL,'An angel',18),(73,'2023-12-08 07:19:29.393387','2023-12-08 07:19:29.393387',NULL,'5 ladies dancing',19),(74,'2023-12-08 07:19:29.397572','2023-12-08 07:19:29.397572',NULL,'5 pipers pipping',19),(75,'2023-12-08 07:19:29.401171','2023-12-08 07:19:29.401171',NULL,'5 golden rings',19),(76,'2023-12-08 07:19:29.404711','2023-12-08 07:19:29.404711',NULL,'5 geese are laying',19),(77,'2023-12-08 07:20:50.673354','2023-12-08 07:20:50.673354',NULL,'Candy',20),(78,'2023-12-08 07:20:50.677175','2023-12-08 07:20:50.677175',NULL,'Hot Chocolates',20),(79,'2023-12-08 07:20:50.680859','2023-12-08 07:20:50.680859',NULL,'Biscuits',20),(80,'2023-12-08 07:20:50.684639','2023-12-08 07:20:50.684639',NULL,'Cookies',20),(81,'2023-12-08 07:39:22.884309','2023-12-08 07:39:22.884309',NULL,'Atlantic',21),(82,'2023-12-08 07:39:22.888324','2023-12-08 07:39:22.888324',NULL,'North pole',21),(83,'2023-12-08 07:39:22.893994','2023-12-08 07:39:22.893994',NULL,'Nigeria',21),(84,'2023-12-08 07:39:22.897286','2023-12-08 07:39:22.897286',NULL,'South pole',21);

--
-- Table structure for table `questions`
--

CREATE TABLE `questions` (
  `id` int(11) NOT NULL AUTO_INCREMENT,
  `created_at` datetime(6) DEFAULT current_timestamp(6),
  `updated_at` datetime(6) DEFAULT current_timestamp(6) ON UPDATE current_timestamp(6),
  `deleted_at` datetime(6) DEFAULT NULL,
  `title` varchar(255) DEFAULT NULL,
  `answerId` int(11) DEFAULT NULL,
  `startDate` datetime DEFAULT NULL,
  `endDate` datetime DEFAULT NULL,
  PRIMARY KEY (`id`),
  UNIQUE KEY `REL_80099079d16366ef63965c446d` (`answerId`),
  CONSTRAINT `FK_80099079d16366ef63965c446d8` FOREIGN KEY (`answerId`) REFERENCES `options` (`id`) ON DELETE NO ACTION ON UPDATE NO ACTION
) ENGINE=InnoDB AUTO_INCREMENT=22 DEFAULT CHARSET=utf8mb4 COLLATE=utf8mb4_general_ci;

--
-- Dumping data for table `questions`
--

INSERT INTO `questions` VALUES (1,'2023-12-06 12:04:30.227840','2023-12-08 19:30:02.440384',NULL,'Who is credited with inventing the World Wide Web',2,'2023-12-08 10:00:00','2023-12-08 21:30:00'),(2,'2023-12-08 06:39:57.804034','2023-12-08 19:30:02.712208',NULL,'When was MTN MADAPI Launched in Nigeria?',5,'2023-12-08 10:00:00','2023-12-08 21:30:00'),(3,'2023-12-08 06:41:39.599367','2023-12-08 19:30:03.039541',NULL,'In the context of programming, what does the acronym “API” stand for?',12,'2023-12-08 10:00:00','2023-12-08 21:30:00'),(4,'2023-12-08 06:44:02.086505','2023-12-08 19:30:03.291737',NULL,'What does 5G stand for?',13,'2023-12-08 10:00:00','2023-12-08 21:30:00'),(5,'2023-12-08 06:49:25.313297','2023-12-08 19:30:03.540425',NULL,'What does PIN stand for?',19,'2023-12-08 10:00:00','2023-12-08 21:30:00'),(6,'2023-12-08 06:52:37.209902','2023-12-08 19:30:03.795777',NULL,'Which of the following closely describes the word “Sustainability”',23,'2023-12-08 10:00:00','2023-12-08 21:30:00'),(7,'2023-12-08 06:57:25.567739','2023-12-11 15:10:33.320103',NULL,'Which of the following is not one of the “Sustainable economic value positions“ in MTN',27,'2023-12-11 10:00:00','2023-12-11 18:00:00'),(8,'2023-12-08 06:59:12.189822','2023-12-11 15:10:33.630330',NULL,'Which of the following does not belong to this group',31,'2023-12-11 10:00:00','2023-12-11 18:00:00'),(9,'2023-12-08 07:00:26.010713','2023-12-11 15:10:33.754855',NULL,'How many balls are there in SNOOKER',36,'2023-12-11 10:00:00','2023-12-11 18:00:00'),(10,'2023-12-08 07:01:53.436786','2023-12-11 15:10:34.125386',NULL,'In what year was the first FIFA world cup held?',37,'2023-12-11 10:00:00','2023-12-11 18:00:00'),(11,'2023-12-08 07:03:43.645139','2023-12-11 15:10:34.284859',NULL,'Who is the first player to score five goals in a single world cup match?',42,'2023-12-11 10:00:00','2023-12-11 18:00:00'),(12,'2023-12-08 07:05:07.776152','2023-12-11 15:10:33.205812',NULL,'Which sport is considered the “King of Sports”',47,'2023-12-11 10:00:00','2023-12-11 18:00:00'),(13,'2023-12-08 07:08:43.157172','2023-12-08 17:22:37.163082','2023-12-19 10:00:00.000000','Which basketball players below have their own signature shoes?',NULL,'2023-12-12 10:00:00','2023-12-12 15:00:00'),(14,'2023-12-08 07:09:51.245749','2023-12-08 17:22:37.485984',NULL,'Which of the following does not belong to this group',56,'2023-12-12 10:00:00','2023-12-12 15:00:00'),(15,'2023-12-08 07:11:29.610325','2023-12-08 17:22:37.952176',NULL,'What is “3 strikes in a row” called in bowling?',59,'2023-12-12 10:00:00','2023-12-12 15:00:00'),(16,'2023-12-08 07:13:51.882021','2023-12-08 17:22:38.296879',NULL,'What do carolers say after wishing you a Merry Christmas in “We Wish You a Merry Christmas”?',64,'2023-12-12 10:00:00','2023-12-12 15:00:00'),(17,'2023-12-08 07:15:49.561439','2023-12-08 17:22:38.772197',NULL,'Which Christmas carol was originally composed in German and includes the words “Stille Nacht”?',66,'2023-12-12 10:00:00','2023-12-12 15:00:00'),(18,'2023-12-08 07:17:38.713039','2023-12-08 17:22:39.112127',NULL,'What is a popular decoration to put on the top of a Christmas tree?',69,'2023-12-12 10:00:00','2023-12-12 15:00:00'),(19,'2023-12-08 07:19:29.389186','2023-12-08 17:22:39.370401',NULL,'What gift is given on the fifth day in “The 12 Days of Christmas”?',75,'2023-12-12 10:00:00','2023-12-12 15:00:00'),(20,'2023-12-08 07:20:50.669168','2023-12-08 17:22:39.802397',NULL,'What sweet treat is often left out for Santa on Christmas Eve?',80,'2023-12-12 10:00:00','2023-12-12 15:00:00'),(21,'2023-12-08 07:39:22.866534','2023-12-08 17:22:36.872021',NULL,'Where does Santa live?',82,'2023-12-12 10:00:00','2023-12-12 15:00:00');

--
-- Table structure for table `santas`
--

CREATE TABLE `santas` (
  `id` int(11) NOT NULL AUTO_INCREMENT,
  `created_at` datetime(6) DEFAULT current_timestamp(6),
  `updated_at` datetime(6) DEFAULT current_timestamp(6) ON UPDATE current_timestamp(6),
  `deleted_at` datetime(6) DEFAULT NULL,
  `firstUserId` int(11) DEFAULT NULL,
  `secondUserId` int(11) DEFAULT NULL,
  PRIMARY KEY (`id`),
  UNIQUE KEY `REL_0366ac61a548da00f5cc16e5fc` (`firstUserId`),
  UNIQUE KEY `REL_118386cba885a661e4f395b352` (`secondUserId`)
) ENGINE=InnoDB AUTO_INCREMENT=31 DEFAULT CHARSET=utf8mb4 COLLATE=utf8mb4_general_ci;

--
-- Dumping data for table `santas`
--

INSERT INTO `santas` VALUES (10,'2023-12-09 15:38:35.422852','2023-12-09 15:38:35.422852',NULL,11,395),(11,'2023-12-09 15:38:35.434260','2023-12-09 15:38:35.434260',NULL,12,686),(12,'2023-12-09 15:38:35.450306','2023-12-09 15:38:35.450306',NULL,17,974),(13,'2023-12-09 15:38:35.477893','2023-12-09 15:38:35.477893',NULL,39,1210),(14,'2023-12-09 15:38:35.491935','2023-12-09 15:38:35.491935',NULL,46,1033),(15,'2023-12-09 15:38:35.528643','2023-12-09 15:38:35.528643',NULL,84,1215),(16,'2023-12-09 15:38:35.551087','2023-12-09 15:38:35.551087',NULL,98,694),(17,'2023-12-09 15:38:35.561272','2023-12-09 15:38:35.561272',NULL,100,507),(18,'2023-12-09 15:38:35.596666','2023-12-09 15:38:35.596666',NULL,141,962),(19,'2023-12-09 15:38:35.612476','2023-12-09 15:38:35.612476',NULL,152,1212),(20,'2023-12-09 15:38:35.647639','2023-12-09 15:38:35.647639',NULL,245,253),(21,'2023-12-09 15:38:35.715409','2023-12-09 15:38:35.715409',NULL,346,537),(22,'2023-12-09 15:38:35.735641','2023-12-09 15:38:35.735641',NULL,363,1207),(23,'2023-12-09 15:38:35.763793','2023-12-09 15:38:35.763793',NULL,393,1204),(24,'2023-12-09 15:38:35.824678','2023-12-09 15:38:35.824678',NULL,473,516),(25,'2023-12-09 15:38:35.849448','2023-12-09 15:38:35.849448',NULL,499,1197),(26,'2023-12-09 15:38:35.859313','2023-12-09 15:38:35.859313',NULL,503,539),(27,'2023-12-09 15:38:35.884281','2023-12-09 15:38:35.884281',NULL,530,961),(28,'2023-12-09 20:46:51.103715','2023-12-09 20:46:51.103715',NULL,25,1216),(29,'2023-12-09 20:46:51.176482','2023-12-09 20:46:51.176482',NULL,78,244),(30,'2023-12-09 20:46:51.201039','2023-12-09 20:46:51.201039',NULL,104,1214);

--
-- Table structure for table `user_awards`
--

CREATE TABLE `user_awards` (
  `id` int(11) NOT NULL AUTO_INCREMENT,
  `created_at` datetime(6) DEFAULT current_timestamp(6),
  `updated_at` datetime(6) DEFAULT current_timestamp(6) ON UPDATE current_timestamp(6),
  `deleted_at` datetime(6) DEFAULT NULL,
  `userId` int(11) DEFAULT NULL,
  `awardId` int(11) DEFAULT NULL,
  `createdById` int(11) DEFAULT NULL,
  PRIMARY KEY (`id`)
) ENGINE=InnoDB AUTO_INCREMENT=348 DEFAULT CHARSET=utf8mb4 COLLATE=utf8mb4_general_ci;

--
-- Dumping data for table `user_awards`
--

INSERT INTO `user_awards` VALUES (25,'2023-12-08 15:56:19.266048','2023-12-08 15:56:19.266048',NULL,686,14,686),(26,'2023-12-08 16:23:59.436775','2023-12-08 16:23:59.436775',NULL,251,13,251),(27,'2023-12-08 16:24:14.563149','2023-12-08 16:24:14.563149',NULL,78,11,251),(28,'2023-12-08 16:24:37.264787','2023-12-08 16:24:37.264787',NULL,253,15,251),(29,'2023-12-08 16:25:07.999804','2023-12-08 16:25:07.999804',NULL,694,12,251),(30,'2023-12-08 16:26:07.164763','2023-12-08 16:26:07.164763',NULL,158,14,251),(31,'2023-12-08 16:44:49.197243','2023-12-08 16:44:49.197243',NULL,513,15,92),(32,'2023-12-08 16:45:10.283024','2023-12-08 16:45:10.283024',NULL,86,13,92),(33,'2023-12-08 17:08:13.709821','2023-12-08 17:08:13.709821',NULL,11,11,395),(34,'2023-12-08 17:08:26.415783','2023-12-08 17:08:26.415783',NULL,977,12,395),(35,'2023-12-08 17:08:40.643093','2023-12-08 17:08:40.643093',NULL,395,13,395),(36,'2023-12-08 17:09:21.348336','2023-12-08 17:09:21.348336',NULL,492,14,395),(37,'2023-12-08 17:09:38.942910','2023-12-08 17:09:38.942910',NULL,514,15,395),(38,'2023-12-08 17:09:49.035288','2023-12-08 17:09:49.035288',NULL,104,14,1207),(39,'2023-12-08 17:10:31.938531','2023-12-08 17:10:31.938531',NULL,11,15,1207),(40,'2023-12-08 17:17:27.756465','2023-12-08 17:17:27.756465',NULL,962,13,962),(41,'2023-12-08 17:19:02.136029','2023-12-08 17:19:02.136029',NULL,98,14,962),(42,'2023-12-08 17:20:34.943009','2023-12-08 17:20:34.943009',NULL,101,12,962),(43,'2023-12-08 17:43:56.591562','2023-12-08 17:43:56.591562',NULL,90,11,25),(44,'2023-12-08 17:44:26.701293','2023-12-08 17:44:26.701293',NULL,25,13,25),(45,'2023-12-08 19:26:07.869278','2023-12-08 19:26:07.869278',NULL,493,15,499),(46,'2023-12-08 19:26:29.813701','2023-12-08 19:26:29.813701',NULL,501,14,499),(47,'2023-12-08 19:29:01.365284','2023-12-08 19:29:01.365284',NULL,507,13,499),(48,'2023-12-08 19:29:48.882485','2023-12-08 19:29:48.882485',NULL,509,11,499),(49,'2023-12-08 19:30:41.163512','2023-12-08 19:30:41.163512',NULL,509,12,499),(50,'2023-12-08 19:40:05.965673','2023-12-08 19:40:05.965673',NULL,253,15,253),(51,'2023-12-08 19:43:46.955520','2023-12-08 19:43:46.955520',NULL,80,12,1210),(52,'2023-12-08 19:44:09.834921','2023-12-08 19:44:09.834921',NULL,352,13,124),(53,'2023-12-08 19:44:49.493043','2023-12-08 19:44:49.493043',NULL,694,15,1210),(54,'2023-12-08 19:45:07.966367','2023-12-08 19:45:07.966367',NULL,126,11,124),(55,'2023-12-08 19:45:23.445904','2023-12-08 19:45:23.445904',NULL,146,12,124),(56,'2023-12-08 19:45:51.570895','2023-12-08 19:45:51.570895',NULL,137,14,124),(57,'2023-12-08 19:46:33.239781','2023-12-08 19:46:33.239781',NULL,521,15,521),(58,'2023-12-08 19:46:51.464438','2023-12-08 19:46:51.464438',NULL,694,15,124),(59,'2023-12-08 19:59:38.247757','2023-12-08 19:59:38.247757',NULL,977,12,346),(60,'2023-12-08 20:00:28.674479','2023-12-08 20:00:28.674479',NULL,514,15,346),(61,'2023-12-08 20:01:38.434398','2023-12-08 20:01:38.434398',NULL,347,11,346),(62,'2023-12-08 20:03:46.640292','2023-12-08 20:03:46.640292',NULL,395,13,346),(63,'2023-12-08 20:04:52.731162','2023-12-08 20:04:52.731162',NULL,146,14,346),(64,'2023-12-08 20:12:54.848803','2023-12-08 20:12:54.848803',NULL,518,13,1213),(65,'2023-12-08 20:13:28.005445','2023-12-08 20:13:28.005445',NULL,518,14,1213),(66,'2023-12-08 20:43:16.022875','2023-12-08 20:43:16.022875',NULL,251,15,56),(67,'2023-12-08 20:44:16.641752','2023-12-08 20:44:16.641752',NULL,321,14,56),(69,'2023-12-08 20:48:01.138755','2023-12-08 20:48:01.138755',NULL,78,11,56),(70,'2023-12-08 20:48:15.467089','2023-12-08 20:48:15.467089',NULL,56,13,56),(71,'2023-12-08 20:48:38.430003','2023-12-08 20:48:38.430003',NULL,244,12,56),(72,'2023-12-08 22:36:10.300578','2023-12-08 22:36:10.300578',NULL,295,11,162),(73,'2023-12-08 22:37:10.267397','2023-12-08 22:37:10.267397',NULL,158,13,162),(74,'2023-12-08 22:37:46.222321','2023-12-08 22:37:46.222321',NULL,164,14,162),(75,'2023-12-08 22:38:43.526787','2023-12-08 22:38:43.526787',NULL,973,15,162),(76,'2023-12-09 03:53:19.901951','2023-12-09 03:53:19.901951',NULL,98,11,98),(77,'2023-12-09 03:53:43.935510','2023-12-09 03:53:43.935510',NULL,151,12,98),(78,'2023-12-09 03:54:14.141171','2023-12-09 03:54:14.141171',NULL,962,13,98),(79,'2023-12-09 03:54:45.772757','2023-12-09 03:54:45.772757',NULL,97,14,98),(80,'2023-12-09 03:55:22.663415','2023-12-09 03:55:22.663415',NULL,150,15,98),(81,'2023-12-09 06:54:00.291310','2023-12-09 06:54:00.291310',NULL,150,11,694),(82,'2023-12-09 06:54:31.484407','2023-12-09 06:54:31.484407',NULL,977,12,694),(83,'2023-12-09 06:55:13.264473','2023-12-09 06:55:13.264473',NULL,98,13,694),(84,'2023-12-09 06:55:41.727037','2023-12-09 06:55:41.727037',NULL,496,14,694),(85,'2023-12-09 06:56:46.562074','2023-12-09 06:56:46.562074',NULL,11,15,694),(86,'2023-12-09 08:01:31.694258','2023-12-09 08:01:31.694258',NULL,49,11,974),(87,'2023-12-09 08:01:55.953612','2023-12-09 08:01:55.953612',NULL,521,12,974),(88,'2023-12-09 08:02:37.457117','2023-12-09 08:02:37.457117',NULL,98,13,974),(89,'2023-12-09 08:03:08.972816','2023-12-09 08:03:08.972816',NULL,98,14,974),(90,'2023-12-09 08:03:28.342951','2023-12-09 08:03:28.342951',NULL,965,15,974),(91,'2023-12-09 14:37:45.250548','2023-12-09 14:37:45.250548',NULL,49,14,253),(92,'2023-12-09 14:38:04.360701','2023-12-09 14:38:04.360701',NULL,39,13,253),(93,'2023-12-09 15:42:58.752901','2023-12-09 15:42:58.752901',NULL,78,11,247),(94,'2023-12-09 15:49:35.421331','2023-12-09 15:49:35.421331',NULL,253,15,247),(95,'2023-12-09 17:01:42.759064','2023-12-09 17:01:42.759064',NULL,146,12,11),(96,'2023-12-09 17:03:00.667194','2023-12-09 17:03:00.667194',NULL,511,13,11),(98,'2023-12-09 19:53:58.034319','2023-12-09 19:53:58.034319',NULL,10,14,244),(99,'2023-12-09 19:54:28.297394','2023-12-09 19:54:28.297394',NULL,28,15,244),(100,'2023-12-09 19:55:31.735334','2023-12-09 19:55:31.735334',NULL,158,13,244),(101,'2023-12-10 08:26:25.108200','2023-12-10 08:26:25.108200',NULL,694,12,964),(102,'2023-12-10 08:29:56.573684','2023-12-10 08:29:56.573684',NULL,1187,14,964),(103,'2023-12-10 08:37:25.059290','2023-12-10 08:37:25.059290',NULL,98,11,962),(104,'2023-12-10 08:37:48.734978','2023-12-10 08:37:48.734978',NULL,11,15,962),(105,'2023-12-10 08:44:33.864383','2023-12-10 08:44:33.864383',NULL,962,13,141),(106,'2023-12-10 15:08:40.776446','2023-12-10 15:08:40.776446',NULL,351,14,365),(107,'2023-12-10 15:09:17.290080','2023-12-10 15:09:17.290080',NULL,391,13,365),(108,'2023-12-10 19:22:00.781523','2023-12-10 19:22:00.781523',NULL,101,12,101),(109,'2023-12-10 19:22:22.712801','2023-12-10 19:22:22.712801',NULL,514,15,101),(110,'2023-12-10 19:22:46.345127','2023-12-10 19:22:46.345127',NULL,137,14,101),(111,'2023-12-10 19:39:04.394294','2023-12-10 19:39:04.394294',NULL,113,11,11),(112,'2023-12-10 19:39:38.806657','2023-12-10 19:39:38.806657',NULL,137,14,11),(113,'2023-12-10 19:39:49.927458','2023-12-10 19:39:49.927458',NULL,11,15,11),(114,'2023-12-10 22:10:58.873675','2023-12-10 22:10:58.873675',NULL,512,12,111),(115,'2023-12-10 22:11:51.609221','2023-12-10 22:11:51.609221',NULL,111,15,111),(116,'2023-12-10 22:27:32.483205','2023-12-10 22:27:32.483205',NULL,1219,11,253),(117,'2023-12-10 22:27:55.596868','2023-12-10 22:27:55.596868',NULL,1211,12,253),(118,'2023-12-10 23:50:32.149000','2023-12-10 23:50:32.149000',NULL,146,12,100),(119,'2023-12-10 23:51:46.470984','2023-12-10 23:51:46.470984',NULL,395,13,100),(120,'2023-12-10 23:52:22.752212','2023-12-10 23:52:22.752212',NULL,519,14,100),(121,'2023-12-10 23:54:19.346111','2023-12-10 23:54:19.346111',NULL,514,15,100),(123,'2023-12-11 07:05:18.260812','2023-12-11 07:05:18.260812',NULL,692,14,688),(124,'2023-12-11 07:06:39.737997','2023-12-11 07:06:39.737997',NULL,683,13,688),(125,'2023-12-11 07:07:38.565797','2023-12-11 07:07:38.565797',NULL,686,15,688),(126,'2023-12-11 07:24:17.727396','2023-12-11 07:24:17.727396',NULL,693,11,688),(127,'2023-12-11 07:24:57.116380','2023-12-11 07:24:57.116380',NULL,690,12,688),(129,'2023-12-11 08:32:35.416562','2023-12-11 08:32:35.416562',NULL,977,12,347),(130,'2023-12-11 08:32:59.661101','2023-12-11 08:32:59.661101',NULL,977,13,347),(131,'2023-12-11 08:33:17.924841','2023-12-11 08:33:17.924841',NULL,515,14,347),(132,'2023-12-11 08:33:53.245506','2023-12-11 08:33:53.245506',NULL,514,15,347),(133,'2023-12-11 08:34:32.415815','2023-12-11 08:34:32.415815',NULL,347,11,347),(134,'2023-12-11 09:55:14.267529','2023-12-11 09:55:14.267529',NULL,6,11,90),(135,'2023-12-11 09:55:41.388084','2023-12-11 09:55:41.388084',NULL,146,12,90),(136,'2023-12-11 09:55:59.817131','2023-12-11 09:55:59.817131',NULL,89,13,90),(137,'2023-12-11 09:56:28.271615','2023-12-11 09:56:28.271615',NULL,104,14,90),(138,'2023-12-11 09:56:50.557934','2023-12-11 09:56:50.557934',NULL,514,15,90),(139,'2023-12-11 09:59:55.881255','2023-12-11 09:59:55.881255',NULL,120,11,89),(140,'2023-12-11 10:00:20.108023','2023-12-11 10:00:20.108023',NULL,90,12,89),(141,'2023-12-11 10:00:39.203650','2023-12-11 10:00:39.203650',NULL,158,13,89),(142,'2023-12-11 10:00:55.646509','2023-12-11 10:00:55.646509',NULL,104,14,89),(143,'2023-12-11 10:01:12.253153','2023-12-11 10:01:12.253153',NULL,514,15,89),(145,'2023-12-11 12:02:14.475133','2023-12-11 12:02:14.475133',NULL,1215,15,288),(146,'2023-12-11 12:04:09.840427','2023-12-11 12:04:09.840427',NULL,539,13,1198),(147,'2023-12-11 12:04:22.217069','2023-12-11 12:04:22.217069',NULL,10,14,288),(148,'2023-12-11 12:04:47.411306','2023-12-11 12:04:47.411306',NULL,141,13,288),(149,'2023-12-11 12:05:16.539667','2023-12-11 12:05:16.539667',NULL,101,12,288),(150,'2023-12-11 12:05:32.622261','2023-12-11 12:05:32.622261',NULL,694,12,1198),(151,'2023-12-11 12:05:43.845350','2023-12-11 12:05:43.845350',NULL,1198,11,1198),(152,'2023-12-11 12:05:54.244228','2023-12-11 12:05:54.244228',NULL,253,15,1216),(153,'2023-12-11 12:06:10.212672','2023-12-11 12:06:10.212672',NULL,1198,14,1198),(154,'2023-12-11 12:06:54.125463','2023-12-11 12:06:54.125463',NULL,141,11,288),(155,'2023-12-11 12:07:13.233507','2023-12-11 12:07:13.233507',NULL,20,14,1216),(156,'2023-12-11 12:07:23.555710','2023-12-11 12:07:23.555710',NULL,20,13,1216),(157,'2023-12-11 12:12:05.456859','2023-12-11 12:12:05.456859',NULL,101,13,1223),(158,'2023-12-11 12:12:19.107541','2023-12-11 12:12:19.107541',NULL,350,12,354),(159,'2023-12-11 12:12:42.952866','2023-12-11 12:12:42.952866',NULL,352,13,354),(160,'2023-12-11 12:12:46.017021','2023-12-11 12:12:46.017021',NULL,174,14,34),(161,'2023-12-11 12:12:58.533338','2023-12-11 12:12:58.533338',NULL,353,14,361),(162,'2023-12-11 12:13:10.227177','2023-12-11 12:13:10.227177',NULL,353,14,354),(163,'2023-12-11 12:13:16.390927','2023-12-11 12:13:16.390927',NULL,357,15,361),(164,'2023-12-11 12:13:42.349696','2023-12-11 12:13:42.349696',NULL,113,15,354),(165,'2023-12-11 12:17:06.085435','2023-12-11 12:17:06.085435',NULL,536,15,1223),(166,'2023-12-11 12:17:26.266523','2023-12-11 12:17:26.266523',NULL,100,14,1223),(167,'2023-12-11 12:18:01.389985','2023-12-11 12:18:01.389985',NULL,98,12,1223),(168,'2023-12-11 12:18:29.465302','2023-12-11 12:18:29.465302',NULL,137,11,1223),(169,'2023-12-11 12:38:12.050836','2023-12-11 12:38:12.050836',NULL,686,15,1198),(171,'2023-12-11 12:39:35.229758','2023-12-11 12:39:35.229758',NULL,391,13,391),(172,'2023-12-11 12:40:30.324756','2023-12-11 12:40:30.324756',NULL,10,14,391),(173,'2023-12-11 12:40:45.256899','2023-12-11 12:40:45.256899',NULL,11,15,391),(174,'2023-12-11 12:41:20.321924','2023-12-11 12:41:20.321924',NULL,113,12,391),(175,'2023-12-11 12:41:43.577659','2023-12-11 12:41:43.577659',NULL,113,11,391),(176,'2023-12-11 12:44:07.559697','2023-12-11 12:44:07.559697',NULL,424,11,965),(177,'2023-12-11 12:44:22.085253','2023-12-11 12:44:22.085253',NULL,513,12,965),(178,'2023-12-11 12:44:33.511085','2023-12-11 12:44:33.511085',NULL,10,11,516),(179,'2023-12-11 12:44:38.138747','2023-12-11 12:44:38.138747',NULL,514,15,965),(180,'2023-12-11 12:44:52.394174','2023-12-11 12:44:52.394174',NULL,511,12,516),(181,'2023-12-11 12:44:59.232930','2023-12-11 12:44:59.232930',NULL,965,13,965),(183,'2023-12-11 12:45:37.302842','2023-12-11 12:45:37.302842',NULL,490,14,516),(184,'2023-12-11 12:45:53.529837','2023-12-11 12:45:53.529837',NULL,11,15,516),(185,'2023-12-11 12:48:25.073412','2023-12-11 12:48:25.073412',NULL,150,11,473),(186,'2023-12-11 12:51:30.936279','2023-12-11 12:51:30.936279',NULL,714,12,473),(187,'2023-12-11 12:52:34.526757','2023-12-11 12:52:34.526757',NULL,517,13,501),(188,'2023-12-11 12:53:55.558141','2023-12-11 12:53:55.558141',NULL,511,13,473),(189,'2023-12-11 12:54:33.962614','2023-12-11 12:54:33.962614',NULL,998,14,473),(190,'2023-12-11 12:54:53.712464','2023-12-11 12:54:53.712464',NULL,694,15,473),(191,'2023-12-11 12:56:03.172264','2023-12-11 12:56:03.172264',NULL,694,13,516),(192,'2023-12-11 12:56:05.054694','2023-12-11 12:56:05.054694',NULL,510,13,521),(193,'2023-12-11 12:56:19.962716','2023-12-11 12:56:19.962716',NULL,513,14,521),(194,'2023-12-11 12:56:39.925593','2023-12-11 12:56:39.925593',NULL,158,12,521),(195,'2023-12-11 12:56:50.560797','2023-12-11 12:56:50.560797',NULL,424,11,521),(196,'2023-12-11 12:57:32.642856','2023-12-11 12:57:32.642856',NULL,11,15,393),(197,'2023-12-11 12:58:51.682693','2023-12-11 12:58:51.682693',NULL,150,11,964),(198,'2023-12-11 12:59:36.529760','2023-12-11 12:59:36.529760',NULL,11,14,393),(199,'2023-12-11 13:00:59.665677','2023-12-11 13:00:59.665677',NULL,11,13,393),(200,'2023-12-11 13:25:20.616429','2023-12-11 13:25:20.616429',NULL,158,13,107),(202,'2023-12-11 13:42:59.384566','2023-12-11 13:42:59.384566',NULL,699,11,699),(203,'2023-12-11 13:43:27.356222','2023-12-11 13:43:27.356222',NULL,120,11,301),(204,'2023-12-11 13:43:41.793438','2023-12-11 13:43:41.793438',NULL,158,12,301),(205,'2023-12-11 13:43:53.773381','2023-12-11 13:43:53.773381',NULL,158,13,301),(206,'2023-12-11 13:44:12.305898','2023-12-11 13:44:12.305898',NULL,108,14,301),(207,'2023-12-11 13:44:36.061229','2023-12-11 13:44:36.061229',NULL,152,15,301),(208,'2023-12-11 13:45:53.094410','2023-12-11 13:45:53.094410',NULL,703,11,696),(209,'2023-12-11 13:46:10.413077','2023-12-11 13:46:10.413077',NULL,53,14,31),(210,'2023-12-11 13:47:13.818540','2023-12-11 13:47:13.818540',NULL,699,12,699),(211,'2023-12-11 13:47:14.725147','2023-12-11 13:47:14.725147',NULL,699,12,696),(212,'2023-12-11 13:47:28.918498','2023-12-11 13:47:28.918498',NULL,696,13,699),(213,'2023-12-11 13:48:09.490509','2023-12-11 13:48:09.490509',NULL,696,14,699),(214,'2023-12-11 13:48:17.180544','2023-12-11 13:48:17.180544',NULL,696,13,696),(215,'2023-12-11 13:48:47.780153','2023-12-11 13:48:47.780153',NULL,696,14,696),(216,'2023-12-11 13:49:17.642653','2023-12-11 13:49:17.642653',NULL,1200,13,503),(217,'2023-12-11 13:49:33.862068','2023-12-11 13:49:33.862068',NULL,477,15,699),(218,'2023-12-11 13:49:36.053186','2023-12-11 13:49:36.053186',NULL,477,15,696),(219,'2023-12-11 13:49:36.075009','2023-12-11 13:49:36.075009',NULL,495,14,503),(220,'2023-12-11 13:49:53.354536','2023-12-11 13:49:53.354536',NULL,11,15,503),(221,'2023-12-11 13:50:08.739506','2023-12-11 13:50:08.739506',NULL,502,11,503),(222,'2023-12-11 13:50:18.178799','2023-12-11 13:50:18.178799',NULL,66,14,20),(223,'2023-12-11 13:50:45.653003','2023-12-11 13:50:45.653003',NULL,1219,15,20),(224,'2023-12-11 13:50:57.061601','2023-12-11 13:50:57.061601',NULL,158,13,43),(225,'2023-12-11 13:51:19.422002','2023-12-11 13:51:19.422002',NULL,137,14,43),(227,'2023-12-11 13:51:41.425303','2023-12-11 13:51:41.425303',NULL,158,12,43),(228,'2023-12-11 13:51:54.322660','2023-12-11 13:51:54.322660',NULL,11,15,43),(229,'2023-12-11 13:52:03.250324','2023-12-11 13:52:03.250324',NULL,104,14,137),(230,'2023-12-11 13:52:17.436146','2023-12-11 13:52:17.436146',NULL,490,12,503),(231,'2023-12-11 13:52:43.607561','2023-12-11 13:52:43.607561',NULL,511,12,137),(232,'2023-12-11 13:53:03.294981','2023-12-11 13:53:03.294981',NULL,150,11,137),(233,'2023-12-11 13:53:14.830507','2023-12-11 13:53:14.830507',NULL,10,15,137),(234,'2023-12-11 13:53:25.963238','2023-12-11 13:53:25.963238',NULL,158,13,137),(235,'2023-12-11 13:53:27.313925','2023-12-11 13:53:27.313925',NULL,352,13,359),(236,'2023-12-11 13:54:02.558606','2023-12-11 13:54:02.558606',NULL,521,15,359),(237,'2023-12-11 13:54:36.389321','2023-12-11 13:54:36.389321',NULL,90,14,359),(238,'2023-12-11 13:55:48.755485','2023-12-11 13:55:48.755485',NULL,493,11,83),(240,'2023-12-11 13:57:27.208756','2023-12-11 13:57:27.208756',NULL,681,12,83),(243,'2023-12-11 13:59:14.069615','2023-12-11 13:59:14.069615',NULL,972,13,157),(244,'2023-12-11 13:59:37.092422','2023-12-11 13:59:37.092422',NULL,104,14,157),(245,'2023-12-11 13:59:37.290327','2023-12-11 13:59:37.290327',NULL,158,13,83),(246,'2023-12-11 13:59:45.528349','2023-12-11 13:59:45.528349',NULL,395,13,20),(247,'2023-12-11 14:00:00.996629','2023-12-11 14:00:00.996629',NULL,11,15,157),(248,'2023-12-11 14:05:43.259985','2023-12-11 14:05:43.259985',NULL,17,11,17),(249,'2023-12-11 14:06:24.988221','2023-12-11 14:06:24.988221',NULL,162,12,17),(250,'2023-12-11 14:06:49.276334','2023-12-11 14:06:49.276334',NULL,146,14,1206),(251,'2023-12-11 14:07:10.274530','2023-12-11 14:07:10.274530',NULL,514,15,1206),(252,'2023-12-11 14:07:17.258402','2023-12-11 14:07:17.258402',NULL,137,14,17),(253,'2023-12-11 14:07:45.133579','2023-12-11 14:07:45.133579',NULL,47,13,1206),(254,'2023-12-11 14:08:32.385889','2023-12-11 14:08:32.385889',NULL,681,12,84),(255,'2023-12-11 14:08:55.359710','2023-12-11 14:08:55.359710',NULL,11,15,17),(256,'2023-12-11 14:09:16.702110','2023-12-11 14:09:16.702110',NULL,280,11,111),(257,'2023-12-11 14:09:22.638516','2023-12-11 14:09:22.638516',NULL,48,14,84),(258,'2023-12-11 14:09:44.887451','2023-12-11 14:09:44.887451',NULL,48,14,83),(259,'2023-12-11 14:09:53.376622','2023-12-11 14:09:53.376622',NULL,86,14,111),(260,'2023-12-11 14:10:44.616273','2023-12-11 14:10:44.616273',NULL,37,11,84),(261,'2023-12-11 14:11:04.032687','2023-12-11 14:11:04.032687',NULL,43,13,17),(262,'2023-12-11 14:11:21.195778','2023-12-11 14:11:21.195778',NULL,158,13,84),(263,'2023-12-11 14:13:06.745906','2023-12-11 14:13:06.745906',NULL,681,15,84),(264,'2023-12-11 14:25:07.808454','2023-12-11 14:25:07.808454',NULL,681,12,681),(266,'2023-12-11 14:27:02.154791','2023-12-11 14:27:02.154791',NULL,510,13,681),(267,'2023-12-11 14:28:32.897303','2023-12-11 14:28:32.897303',NULL,510,14,681),(268,'2023-12-11 14:29:46.492878','2023-12-11 14:29:46.492878',NULL,681,15,681),(269,'2023-12-11 14:31:34.820137','2023-12-11 14:31:34.820137',NULL,694,15,1227),(270,'2023-12-11 14:34:10.535032','2023-12-11 14:34:10.535032',NULL,11,15,291),(271,'2023-12-11 14:36:24.884200','2023-12-11 14:36:24.884200',NULL,694,11,1227),(272,'2023-12-11 14:36:33.775634','2023-12-11 14:36:33.775634',NULL,694,12,1227),(273,'2023-12-11 14:36:41.880216','2023-12-11 14:36:41.880216',NULL,694,13,1227),(274,'2023-12-11 14:36:49.395278','2023-12-11 14:36:49.395278',NULL,694,14,1227),(275,'2023-12-11 14:41:28.834315','2023-12-11 14:41:28.834315',NULL,280,11,280),(276,'2023-12-11 14:43:10.871632','2023-12-11 14:43:10.871632',NULL,6,11,112),(277,'2023-12-11 14:43:15.163227','2023-12-11 14:43:15.163227',NULL,104,13,280),(278,'2023-12-11 14:43:54.505091','2023-12-11 14:43:54.505091',NULL,66,14,280),(279,'2023-12-11 14:44:34.918716','2023-12-11 14:44:34.918716',NULL,111,15,280),(280,'2023-12-11 14:48:12.088121','2023-12-11 14:48:12.088121',NULL,962,13,1044),(281,'2023-12-11 14:55:37.964625','2023-12-11 14:55:37.964625',NULL,1054,14,1078),(282,'2023-12-11 14:56:39.755415','2023-12-11 14:56:39.755415',NULL,1051,11,1047),(283,'2023-12-11 14:57:02.170477','2023-12-11 14:57:02.170477',NULL,1075,13,1047),(284,'2023-12-11 14:57:05.120952','2023-12-11 14:57:05.120952',NULL,103,12,535),(285,'2023-12-11 14:57:16.230896','2023-12-11 14:57:16.230896',NULL,1043,11,1078),(286,'2023-12-11 14:57:21.203016','2023-12-11 14:57:21.203016',NULL,962,13,535),(287,'2023-12-11 14:57:25.829855','2023-12-11 14:57:25.829855',NULL,36,11,1093),(288,'2023-12-11 14:57:29.634759','2023-12-11 14:57:29.634759',NULL,1078,12,1078),(289,'2023-12-11 14:57:33.440464','2023-12-11 14:57:33.440464',NULL,102,14,535),(290,'2023-12-11 14:57:34.968687','2023-12-11 14:57:34.968687',NULL,1052,15,1047),(291,'2023-12-11 14:57:47.552264','2023-12-11 14:57:47.552264',NULL,1215,15,535),(292,'2023-12-11 14:57:57.408571','2023-12-11 14:57:57.408571',NULL,962,13,1078),(293,'2023-12-11 14:58:09.100858','2023-12-11 14:58:09.100858',NULL,2,11,1215),(294,'2023-12-11 14:58:11.526292','2023-12-11 14:58:11.526292',NULL,1097,13,1093),(296,'2023-12-11 14:58:31.961522','2023-12-11 14:58:31.961522',NULL,7,14,1093),(297,'2023-12-11 14:58:40.277888','2023-12-11 14:58:40.277888',NULL,1208,11,535),(298,'2023-12-11 14:58:49.631219','2023-12-11 14:58:49.631219',NULL,1090,15,1093),(299,'2023-12-11 14:59:37.554726','2023-12-11 14:59:37.554726',NULL,137,15,717),(300,'2023-12-11 15:00:26.201433','2023-12-11 15:00:26.201433',NULL,526,14,717),(301,'2023-12-11 15:00:40.466781','2023-12-11 15:00:40.466781',NULL,1044,13,1061),(302,'2023-12-11 15:00:45.548394','2023-12-11 15:00:45.548394',NULL,1097,11,1090),(303,'2023-12-11 15:01:23.066824','2023-12-11 15:01:23.066824',NULL,1215,11,717),(304,'2023-12-11 15:01:27.089666','2023-12-11 15:01:27.089666',NULL,1215,15,1078),(305,'2023-12-11 15:01:46.321094','2023-12-11 15:01:46.321094',NULL,102,12,717),(306,'2023-12-11 15:01:48.352825','2023-12-11 15:01:48.352825',NULL,1061,14,1061),(307,'2023-12-11 15:02:34.631322','2023-12-11 15:02:34.631322',NULL,395,12,1061),(308,'2023-12-11 15:03:37.865701','2023-12-11 15:03:37.865701',NULL,1043,13,1090),(309,'2023-12-11 15:04:06.976256','2023-12-11 15:04:06.976256',NULL,92,13,717),(310,'2023-12-11 15:06:41.581713','2023-12-11 15:06:41.581713',NULL,11,15,1090),(311,'2023-12-11 15:07:03.445408','2023-12-11 15:07:03.445408',NULL,40,11,12),(312,'2023-12-11 15:07:17.055260','2023-12-11 15:07:17.055260',NULL,158,12,12),(313,'2023-12-11 15:07:25.426024','2023-12-11 15:07:25.426024',NULL,962,13,12),(314,'2023-12-11 15:07:43.461149','2023-12-11 15:07:43.461149',NULL,109,14,12),(315,'2023-12-11 15:07:53.302940','2023-12-11 15:07:53.302940',NULL,11,15,12),(316,'2023-12-11 15:08:24.517255','2023-12-11 15:08:24.517255',NULL,152,14,1090),(317,'2023-12-11 15:10:08.516767','2023-12-11 15:10:08.516767',NULL,152,12,1090),(318,'2023-12-11 15:13:30.475893','2023-12-11 15:13:30.475893',NULL,4,11,1080),(319,'2023-12-11 15:14:20.917043','2023-12-11 15:14:20.917043',NULL,4,12,1080),(320,'2023-12-11 15:15:00.789630','2023-12-11 15:15:00.789630',NULL,7,13,1080),(321,'2023-12-11 15:15:15.086689','2023-12-11 15:15:15.086689',NULL,7,14,1080),(322,'2023-12-11 15:16:49.595575','2023-12-11 15:16:49.595575',NULL,158,13,1087),(323,'2023-12-11 15:17:14.530214','2023-12-11 15:17:14.530214',NULL,1209,14,1087),(324,'2023-12-11 15:21:07.970613','2023-12-11 15:21:07.970613',NULL,694,11,1228),(325,'2023-12-11 15:21:22.125709','2023-12-11 15:21:22.125709',NULL,694,12,1228),(326,'2023-12-11 15:21:46.721363','2023-12-11 15:21:46.721363',NULL,694,13,1228),(327,'2023-12-11 15:21:57.767374','2023-12-11 15:21:57.767374',NULL,694,14,1228),(328,'2023-12-11 15:22:08.348283','2023-12-11 15:22:08.348283',NULL,694,15,1228),(329,'2023-12-11 15:22:20.430202','2023-12-11 15:22:20.430202',NULL,962,13,1229),(330,'2023-12-11 15:23:02.357340','2023-12-11 15:23:02.357340',NULL,11,15,1229),(331,'2023-12-11 15:23:40.130616','2023-12-11 15:23:40.130616',NULL,68,14,1229),(332,'2023-12-11 15:24:02.395678','2023-12-11 15:24:02.395678',NULL,1083,12,1229),(333,'2023-12-11 15:24:44.240731','2023-12-11 15:24:44.240731',NULL,98,11,1229),(334,'2023-12-11 15:35:49.726671','2023-12-11 15:35:49.726671',NULL,354,11,485),(335,'2023-12-11 15:42:07.783385','2023-12-11 15:42:07.783385',NULL,280,11,1231),(336,'2023-12-11 15:44:05.302523','2023-12-11 15:44:05.302523',NULL,1229,12,1231),(337,'2023-12-11 15:49:47.876136','2023-12-11 15:49:47.876136',NULL,39,13,1231),(338,'2023-12-11 15:50:57.044323','2023-12-11 15:50:57.044323',NULL,280,14,1231),(339,'2023-12-11 15:52:13.216411','2023-12-11 15:52:13.216411',NULL,973,15,1231),(340,'2023-12-11 16:30:45.831839','2023-12-11 16:30:45.831839',NULL,681,15,83),(341,'2023-12-11 16:35:26.728730','2023-12-11 16:35:26.728730',NULL,493,15,506),(342,'2023-12-11 16:35:55.779355','2023-12-11 16:35:55.779355',NULL,507,14,506),(343,'2023-12-11 16:36:18.871517','2023-12-11 16:36:18.871517',NULL,493,13,506),(344,'2023-12-11 16:36:49.569991','2023-12-11 16:36:49.569991',NULL,986,11,506),(345,'2023-12-11 16:37:04.878470','2023-12-11 16:37:04.878470',NULL,986,12,506),(346,'2023-12-11 16:53:26.357392','2023-12-11 16:53:26.357392',NULL,146,12,353),(347,'2023-12-11 19:38:50.629271','2023-12-11 19:38:50.629271',NULL,962,13,139);

--
-- Table structure for table `user_events`
--

CREATE TABLE `user_events` (
  `id` int(11) NOT NULL AUTO_INCREMENT,
  `created_at` datetime(6) DEFAULT current_timestamp(6),
  `updated_at` datetime(6) DEFAULT current_timestamp(6) ON UPDATE current_timestamp(6),
  `deleted_at` datetime(6) DEFAULT NULL,
  `userId` int(11) DEFAULT NULL,
  `eventId` int(11) DEFAULT NULL,
  PRIMARY KEY (`id`)
) ENGINE=InnoDB AUTO_INCREMENT=153 DEFAULT CHARSET=utf8mb4 COLLATE=utf8mb4_general_ci;

--
-- Dumping data for table `user_events`
--

INSERT INTO `user_events` VALUES (57,'2023-12-08 15:32:45.663858','2023-12-08 15:32:45.663858',NULL,39,1),(58,'2023-12-08 15:32:45.671061','2023-12-08 15:32:45.671061',NULL,39,3),(59,'2023-12-08 15:32:45.681132','2023-12-08 15:32:45.681132',NULL,39,4),(60,'2023-12-08 15:34:36.217524','2023-12-08 15:34:36.217524',NULL,1033,1),(61,'2023-12-08 15:54:25.091114','2023-12-08 15:54:25.091114',NULL,686,1),(66,'2023-12-08 17:46:29.990879','2023-12-08 17:46:29.990879',NULL,25,1),(67,'2023-12-08 17:46:29.996834','2023-12-08 17:46:29.996834',NULL,25,2),(68,'2023-12-08 17:46:30.001341','2023-12-08 17:46:30.001341',NULL,25,3),(69,'2023-12-08 17:46:30.013737','2023-12-08 17:46:30.013737',NULL,25,4),(70,'2023-12-08 19:22:35.569161','2023-12-08 19:22:35.569161',NULL,1198,2),(71,'2023-12-08 19:41:16.951080','2023-12-08 19:41:16.951080',NULL,1210,1),(72,'2023-12-08 19:41:16.956500','2023-12-08 19:41:16.956500',NULL,1210,2),(73,'2023-12-08 19:41:16.960288','2023-12-08 19:41:16.960288',NULL,1210,3),(74,'2023-12-08 19:41:16.966055','2023-12-08 19:41:16.966055',NULL,1210,4),(75,'2023-12-08 19:41:20.665273','2023-12-08 19:41:20.665273',NULL,1210,1),(76,'2023-12-08 19:41:20.669970','2023-12-08 19:41:20.669970',NULL,1210,2),(77,'2023-12-08 19:41:20.674308','2023-12-08 19:41:20.674308',NULL,1210,3),(78,'2023-12-08 19:41:20.678086','2023-12-08 19:41:20.678086',NULL,1210,4),(79,'2023-12-08 19:42:52.220525','2023-12-08 19:42:52.220525',NULL,124,2),(80,'2023-12-08 19:43:36.675280','2023-12-08 19:43:36.675280',NULL,3,3),(81,'2023-12-08 19:55:24.273739','2023-12-08 19:55:24.273739',NULL,346,3),(82,'2023-12-08 20:01:48.034277','2023-12-08 20:01:48.034277',NULL,17,2),(83,'2023-12-08 20:01:48.041391','2023-12-08 20:01:48.041391',NULL,17,3),(84,'2023-12-08 20:01:48.046490','2023-12-08 20:01:48.046490',NULL,17,4),(85,'2023-12-08 20:17:40.817071','2023-12-08 20:17:40.817071',NULL,1213,3),(86,'2023-12-08 20:23:12.230890','2023-12-08 20:23:12.230890',NULL,539,1),(87,'2023-12-08 20:23:27.361293','2023-12-08 20:23:27.361293',NULL,539,1),(88,'2023-12-08 20:23:27.367595','2023-12-08 20:23:27.367595',NULL,539,3),(89,'2023-12-08 20:23:27.371988','2023-12-08 20:23:27.371988',NULL,539,4),(90,'2023-12-08 20:31:00.460690','2023-12-08 20:31:00.460690',NULL,253,2),(91,'2023-12-08 20:31:17.968251','2023-12-08 20:31:17.968251',NULL,253,1),(92,'2023-12-08 20:31:17.979160','2023-12-08 20:31:17.979160',NULL,253,2),(94,'2023-12-08 20:38:15.020598','2023-12-08 20:38:15.020598',NULL,79,4),(96,'2023-12-08 21:47:10.629848','2023-12-08 21:47:10.629848',NULL,46,1),(97,'2023-12-09 07:58:55.214776','2023-12-09 07:58:55.214776',NULL,974,2),(98,'2023-12-09 07:58:55.219793','2023-12-09 07:58:55.219793',NULL,974,3),(99,'2023-12-09 07:58:55.224291','2023-12-09 07:58:55.224291',NULL,974,4),(100,'2023-12-09 07:58:59.578896','2023-12-09 07:58:59.578896',NULL,974,2),(101,'2023-12-09 07:58:59.583369','2023-12-09 07:58:59.583369',NULL,974,3),(102,'2023-12-09 07:58:59.593371','2023-12-09 07:58:59.593371',NULL,974,4),(103,'2023-12-09 15:41:10.953590','2023-12-09 15:41:10.953590',NULL,1215,2),(104,'2023-12-09 15:44:35.592478','2023-12-09 15:44:35.592478',NULL,78,1),(105,'2023-12-09 15:44:35.598248','2023-12-09 15:44:35.598248',NULL,78,4),(106,'2023-12-09 16:29:09.240159','2023-12-09 16:29:09.240159',NULL,48,1),(107,'2023-12-09 16:29:09.246684','2023-12-09 16:29:09.246684',NULL,48,3),(108,'2023-12-09 16:29:12.859750','2023-12-09 16:29:12.859750',NULL,48,1),(109,'2023-12-09 16:29:12.869976','2023-12-09 16:29:12.869976',NULL,48,3),(110,'2023-12-09 19:55:03.258585','2023-12-09 19:55:03.258585',NULL,244,1),(111,'2023-12-09 19:55:03.263687','2023-12-09 19:55:03.263687',NULL,244,2),(112,'2023-12-09 19:55:03.273043','2023-12-09 19:55:03.273043',NULL,244,4),(113,'2023-12-10 05:56:16.851683','2023-12-10 05:56:16.851683',NULL,494,1),(114,'2023-12-10 10:36:46.440689','2023-12-10 10:36:46.440689',NULL,1209,1),(115,'2023-12-10 10:36:55.263688','2023-12-10 10:36:55.263688',NULL,1209,1),(116,'2023-12-10 10:36:55.269142','2023-12-10 10:36:55.269142',NULL,1209,3),(117,'2023-12-11 07:27:31.327024','2023-12-11 07:27:31.327024',NULL,688,1),(118,'2023-12-11 07:27:31.333555','2023-12-11 07:27:31.333555',NULL,688,2),(119,'2023-12-11 07:27:31.337597','2023-12-11 07:27:31.337597',NULL,688,3),(120,'2023-12-11 07:27:31.341412','2023-12-11 07:27:31.341412',NULL,688,4),(121,'2023-12-11 07:27:38.169788','2023-12-11 07:27:38.169788',NULL,688,1),(122,'2023-12-11 07:27:38.175580','2023-12-11 07:27:38.175580',NULL,688,2),(123,'2023-12-11 07:27:38.180558','2023-12-11 07:27:38.180558',NULL,688,3),(124,'2023-12-11 07:27:38.183954','2023-12-11 07:27:38.183954',NULL,688,4),(125,'2023-12-11 07:27:44.932201','2023-12-11 07:27:44.932201',NULL,688,1),(126,'2023-12-11 07:27:44.937466','2023-12-11 07:27:44.937466',NULL,688,2),(127,'2023-12-11 07:27:44.941771','2023-12-11 07:27:44.941771',NULL,688,3),(128,'2023-12-11 07:27:44.947877','2023-12-11 07:27:44.947877',NULL,688,4),(129,'2023-12-11 08:48:16.474504','2023-12-11 08:48:16.474504',NULL,379,1),(130,'2023-12-11 08:48:16.479753','2023-12-11 08:48:16.479753',NULL,379,3),(131,'2023-12-11 08:48:16.484164','2023-12-11 08:48:16.484164',NULL,379,4),(132,'2023-12-11 10:04:31.080748','2023-12-11 10:04:31.080748',NULL,89,4),(133,'2023-12-11 11:28:14.277383','2023-12-11 11:28:14.277383',NULL,686,1),(134,'2023-12-11 11:28:18.627883','2023-12-11 11:28:18.627883',NULL,686,1),(135,'2023-12-11 12:40:14.020050','2023-12-11 12:40:14.020050',NULL,1210,1),(136,'2023-12-11 12:40:14.024611','2023-12-11 12:40:14.024611',NULL,1210,2),(137,'2023-12-11 12:40:14.028036','2023-12-11 12:40:14.028036',NULL,1210,3),(138,'2023-12-11 12:40:14.033365','2023-12-11 12:40:14.033365',NULL,1210,4),(139,'2023-12-11 13:52:11.621120','2023-12-11 13:52:11.621120',NULL,699,1),(140,'2023-12-11 13:52:59.859501','2023-12-11 13:52:59.859501',NULL,696,1),(141,'2023-12-11 13:53:40.370980','2023-12-11 13:53:40.370980',NULL,699,1),(142,'2023-12-11 13:54:23.929473','2023-12-11 13:54:23.929473',NULL,696,1),(143,'2023-12-11 15:31:11.375692','2023-12-11 15:31:11.375692',NULL,972,1),(144,'2023-12-11 16:29:13.729420','2023-12-11 16:29:13.729420',NULL,83,4),(145,'2023-12-11 16:29:20.165977','2023-12-11 16:29:20.165977',NULL,83,4),(146,'2023-12-11 22:58:58.869489','2023-12-11 22:58:58.869489',NULL,401,2),(147,'2023-12-11 22:58:58.876587','2023-12-11 22:58:58.876587',NULL,401,3),(148,'2023-12-11 22:59:06.448184','2023-12-11 22:59:06.448184',NULL,401,2),(149,'2023-12-11 22:59:06.453700','2023-12-11 22:59:06.453700',NULL,401,3),(150,'2023-12-11 22:59:06.458331','2023-12-11 22:59:06.458331',NULL,401,4),(151,'2023-12-11 23:25:10.786403','2023-12-11 23:25:10.786403',NULL,363,2),(152,'2023-12-11 23:25:10.791586','2023-12-11 23:25:10.791586',NULL,363,3);

--
-- Table structure for table `user_scores`
--

CREATE TABLE `user_scores` (
  `id` int(11) NOT NULL AUTO_INCREMENT,
  `created_at` datetime(6) DEFAULT current_timestamp(6),
  `updated_at` datetime(6) DEFAULT current_timestamp(6) ON UPDATE current_timestamp(6),
  `deleted_at` datetime(6) DEFAULT NULL,
  `score` int(11) NOT NULL,
  `date` datetime NOT NULL,
  `userId` int(11) DEFAULT NULL,
  PRIMARY KEY (`id`)
) ENGINE=InnoDB AUTO_INCREMENT=79 DEFAULT CHARSET=utf8mb4 COLLATE=utf8mb4_general_ci;

--
-- Dumping data for table `user_scores`
--

INSERT INTO `user_scores` VALUES (28,'2023-12-08 17:20:52.911228','2023-12-08 17:20:52.911228',NULL,2,'2023-12-08 17:20:52',1206),(29,'2023-12-08 17:37:15.443734','2023-12-08 17:37:15.443734',NULL,1,'2023-12-08 17:37:15',518),(30,'2023-12-08 17:45:57.111315','2023-12-08 17:45:57.111315',NULL,4,'2023-12-08 17:45:57',25),(31,'2023-12-08 17:59:08.936022','2023-12-08 17:59:08.936022',NULL,5,'2023-12-08 17:59:08',11),(32,'2023-12-08 18:52:04.313056','2023-12-08 18:52:04.313056',NULL,0,'2023-12-08 18:52:04',445),(33,'2023-12-08 19:40:45.574592','2023-12-08 19:40:45.574592',NULL,2,'2023-12-08 19:40:45',1204),(34,'2023-12-08 19:41:15.926145','2023-12-08 19:41:15.926145',NULL,1,'2023-12-08 19:41:15',3),(35,'2023-12-08 19:42:33.943691','2023-12-08 19:42:33.943691',NULL,6,'2023-12-08 19:42:33',124),(36,'2023-12-08 19:42:42.249748','2023-12-08 19:42:42.249748',NULL,3,'2023-12-08 19:42:42',253),(37,'2023-12-08 19:44:16.845035','2023-12-08 19:44:16.845035',NULL,5,'2023-12-08 19:44:16',521),(38,'2023-12-08 19:51:18.827539','2023-12-08 19:51:18.827539',NULL,4,'2023-12-08 19:51:18',108),(39,'2023-12-08 19:52:37.917785','2023-12-08 19:52:37.917785',NULL,1,'2023-12-08 19:52:37',961),(40,'2023-12-08 19:55:12.160536','2023-12-08 19:55:12.160536',NULL,3,'2023-12-08 19:55:12',346),(41,'2023-12-08 20:01:18.379838','2023-12-08 20:01:18.379838',NULL,5,'2023-12-08 20:01:18',17),(42,'2023-12-08 20:09:59.348268','2023-12-08 20:09:59.348268',NULL,2,'2023-12-08 20:09:59',281),(43,'2023-12-08 20:10:24.852518','2023-12-08 20:10:24.852518',NULL,1,'2023-12-08 20:10:24',1213),(44,'2023-12-08 20:18:50.259580','2023-12-08 20:18:50.259580',NULL,3,'2023-12-08 20:18:50',539),(45,'2023-12-08 20:37:00.348180','2023-12-08 20:37:00.348180',NULL,1,'2023-12-08 20:37:00',79),(46,'2023-12-08 20:40:38.260742','2023-12-08 20:40:38.260742',NULL,4,'2023-12-08 20:40:38',56),(47,'2023-12-11 10:03:18.480862','2023-12-11 10:03:18.480862',NULL,4,'2023-12-11 10:03:18',89),(48,'2023-12-11 10:11:07.389579','2023-12-11 10:11:07.389579',NULL,1,'2023-12-11 10:11:07',716),(49,'2023-12-11 11:27:14.264338','2023-12-11 11:27:14.264338',NULL,2,'2023-12-11 11:27:14',686),(50,'2023-12-11 11:34:42.163812','2023-12-11 11:34:42.163812',NULL,4,'2023-12-11 11:34:42',71),(51,'2023-12-11 12:03:16.856696','2023-12-11 12:03:16.856696',NULL,4,'2023-12-11 12:03:16',31),(52,'2023-12-11 12:06:06.764928','2023-12-11 12:06:06.764928',NULL,3,'2023-12-11 12:06:06',516),(53,'2023-12-11 12:08:34.150491','2023-12-11 12:08:34.150491',NULL,4,'2023-12-11 12:08:34',1216),(54,'2023-12-11 12:15:21.731064','2023-12-11 12:15:21.731064',NULL,0,'2023-12-11 12:15:21',1081),(55,'2023-12-11 12:15:46.267215','2023-12-11 12:15:46.267215',NULL,4,'2023-12-11 12:15:46',354),(56,'2023-12-11 13:50:46.416043','2023-12-11 13:50:46.416043',NULL,0,'2023-12-11 13:50:46',699),(57,'2023-12-11 13:56:08.059761','2023-12-11 13:56:08.059761',NULL,0,'2023-12-11 13:56:08',696),(58,'2023-12-11 13:58:13.230833','2023-12-11 13:58:13.230833',NULL,3,'2023-12-11 13:58:13',43),(59,'2023-12-11 14:11:24.303802','2023-12-11 14:11:24.303802',NULL,2,'2023-12-11 14:11:24',111),(60,'2023-12-11 14:56:49.508425','2023-12-11 14:56:49.508425',NULL,2,'2023-12-11 14:56:49',1215),(61,'2023-12-11 15:17:04.293272','2023-12-11 15:17:04.293272',NULL,4,'2023-12-11 15:17:04',1080),(62,'2023-12-11 15:35:17.224739','2023-12-11 15:35:17.224739',NULL,3,'2023-12-11 15:35:17',3),(63,'2023-12-11 15:37:38.600949','2023-12-11 15:37:38.600949',NULL,2,'2023-12-11 15:37:38',395),(64,'2023-12-11 15:37:51.826537','2023-12-11 15:37:51.826537',NULL,2,'2023-12-11 15:37:51',11),(65,'2023-12-11 16:11:28.740037','2023-12-11 16:11:28.740037',NULL,4,'2023-12-11 16:11:28',1206),(66,'2023-12-11 16:22:24.281206','2023-12-11 16:22:24.281206',NULL,5,'2023-12-11 16:22:24',507),(67,'2023-12-11 16:27:32.449287','2023-12-11 16:27:32.449287',NULL,3,'2023-12-11 16:27:32',1213),(68,'2023-12-11 16:28:56.862109','2023-12-11 16:28:56.862109',NULL,3,'2023-12-11 16:28:56',83),(69,'2023-12-11 16:30:55.778036','2023-12-11 16:30:55.778036',NULL,3,'2023-12-11 16:30:55',365),(70,'2023-12-11 16:35:44.953810','2023-12-11 16:35:44.953810',NULL,2,'2023-12-11 16:35:44',20),(71,'2023-12-11 16:39:00.509751','2023-12-11 16:39:00.509751',NULL,0,'2023-12-11 16:39:00',98),(72,'2023-12-11 16:43:41.645503','2023-12-11 16:43:41.645503',NULL,0,'2023-12-11 16:43:41',1223),(73,'2023-12-11 16:46:24.330172','2023-12-11 16:46:24.330172',NULL,2,'2023-12-11 16:46:24',521),(74,'2023-12-11 16:53:53.702138','2023-12-11 16:53:53.702138',NULL,2,'2023-12-11 16:53:53',103),(75,'2023-12-11 16:54:56.660567','2023-12-11 16:54:56.660567',NULL,3,'2023-12-11 16:54:56',353),(76,'2023-12-11 17:00:58.890766','2023-12-11 17:00:58.890766',NULL,0,'2023-12-11 17:00:58',528),(77,'2023-12-11 17:14:59.360385','2023-12-11 17:14:59.360385',NULL,0,'2023-12-11 17:14:59',491),(78,'2023-12-11 17:19:38.176210','2023-12-11 17:19:38.176210',NULL,3,'2023-12-11 17:19:38',84);


